r of 258 and 6.
6
Calculate the highest common divisor of 245 and 15.
5
What is the highest common factor of 174 and 6351?
87
Calculate the greatest common factor of 52 and 1196.
52
Calculate the greatest common divisor of 17 and 1309.
17
Calculate the highest common factor of 2583 and 252.
63
Calculate the highest common divisor of 6095 and 106.
53
Calculate the highest common divisor of 84 and 9552.
12
What is the highest common factor of 770 and 105?
35
Calculate the greatest common divisor of 772 and 8.
4
What is the highest common factor of 39 and 8203?
13
What is the highest common factor of 4446 and 1539?
171
Calculate the highest common factor of 1078 and 238.
14
What is the highest common divisor of 30 and 40665?
15
What is the highest common divisor of 84 and 28?
28
What is the highest common divisor of 176 and 132?
44
What is the greatest common factor of 165 and 45?
15
Calculate the greatest common divisor of 1 and 51.
1
What is the highest common divisor of 1488 and 24?
24
What is the highest common factor of 65 and 1807?
13
Calculate the greatest common factor of 440 and 1210.
110
Calculate the highest common divisor of 651 and 1209.
93
Calculate the greatest common factor of 555 and 120.
15
Calculate the highest common factor of 1755 and 15.
15
What is the highest common divisor of 301 and 1763?
43
Calculate the highest common divisor of 275 and 22.
11
What is the highest common factor of 48748 and 28?
28
Calculate the highest common divisor of 36 and 51.
3
Calculate the highest common divisor of 168 and 21.
21
Calculate the greatest common divisor of 252 and 112.
28
Calculate the greatest common divisor of 9 and 81.
9
Calculate the highest common factor of 9790 and 50.
10
What is the highest common factor of 19299 and 63?
21
What is the greatest common factor of 3 and 38?
1
Calculate the highest common divisor of 9136 and 16.
16
Calculate the highest common divisor of 27 and 144.
9
Calculate the highest common factor of 15 and 345.
15
What is the highest common divisor of 1 and 45?
1
What is the greatest common factor of 345 and 10419?
69
Calculate the highest common factor of 2037 and 21.
21
What is the highest common factor of 325 and 130?
65
Calculate the highest common divisor of 6720 and 630.
210
Calculate the greatest common factor of 481 and 74.
37
Calculate the highest common factor of 357 and 408.
51
Calculate the highest common divisor of 259 and 133.
7
Calculate the highest common divisor of 640 and 40.
40
Calculate the highest common divisor of 58 and 406.
58
Calculate the greatest common factor of 136 and 6.
2
What is the highest common divisor of 10955 and 35?
35
Calculate the highest common divisor of 536 and 8.
8
Calculate the greatest common divisor of 300 and 60.
60
What is the highest common factor of 215 and 43?
43
Calculate the highest common divisor of 15 and 33.
3
What is the highest common factor of 5893 and 71?
71
What is the greatest common factor of 1365 and 420?
105
Calculate the greatest common factor of 465 and 120.
15
Calculate the highest common factor of 255 and 204.
51
What is the greatest common factor of 14 and 343?
7
Calculate the highest common divisor of 410 and 22.
2
What is the highest common divisor of 100 and 80?
20
What is the highest common divisor of 782 and 115?
23
What is the greatest common factor of 3303 and 63?
9
What is the highest common factor of 203 and 232?
29
What is the highest common divisor of 10 and 270?
10
What is the highest common factor of 15 and 75?
15
What is the highest common factor of 11700 and 75?
75
What is the highest common divisor of 1183 and 13?
13
What is the greatest common factor of 95850 and 18?
18
Calculate the greatest common divisor of 1168 and 16.
16
Calculate the greatest common factor of 520 and 130.
130
Calculate the highest common factor of 28 and 392.
28
Calculate the highest common divisor of 94 and 5734.
94
What is the highest common divisor of 28 and 224?
28
Calculate the highest common factor of 38 and 494.
38
Calculate the highest common divisor of 12 and 1608.
12
Calculate the highest common divisor of 72 and 900.
36
What is the greatest common factor of 896 and 80?
16
What is the highest common divisor of 32 and 208?
16
Calculate the greatest common factor of 9 and 4788.
9
Calculate the greatest common factor of 7141 and 37.
37
Calculate the highest common factor of 41 and 82.
41
What is the highest common divisor of 4717 and 89?
89
What is the greatest common divisor of 377 and 145?
29
What is the greatest common factor of 1311 and 552?
69
What is the highest common factor of 18 and 40374?
18
Calculate the greatest common divisor of 24 and 8664.
24
What is the greatest common factor of 90 and 4734?
18
Calculate the greatest common factor of 63 and 399.
21
Calculate the highest common factor of 1852 and 2.
2
What is the highest common factor of 210 and 595?
35
What is the highest common factor of 18 and 1902?
6
What is the greatest common factor of 222 and 66?
6
Calculate the highest common factor of 432 and 276.
12
Calculate the greatest common factor of 2162 and 46.
46
Calculate the highest common factor of 76 and 148.
4
What is the greatest common factor of 7383 and 2568?
321
What is the highest common divisor of 132 and 372?
12
What is the greatest common factor of 129 and 9?
3
What is the greatest common factor of 306 and 12?
6
What is the highest common divisor of 418 and 154?
22
Calculate the highest common factor of 204 and 24174.
102
Calculate the highest common divisor of 72 and 2088.
72
Calculate the greatest common divisor of 207 and 46.
23
What is the highest common divisor of 56 and 3248?
56
Calculate the greatest common factor of 460 and 2461.
23
Calculate the greatest common divisor of 45 and 6.
3
Calculate the highest common factor of 23425 and 25.
25
Calculate the greatest common divisor of 3016 and 13.
13
Calculate the greatest common factor of 80 and 50.
10
Calculate the greatest common factor of 12 and 36.
12
Calculate the greatest common factor of 150 and 200.
50
What is the greatest common divisor of 57 and 152?
19
What is the greatest common divisor of 5428 and 1180?
236
Calculate the highest common factor of 253 and 66.
11
Calculate the greatest common divisor of 352 and 33.
11
What is the highest common divisor of 32 and 632?
8
Calculate the greatest common factor of 114 and 57.
57
Calculate the greatest common divisor of 24 and 1644.
12
Calculate the highest common divisor of 90 and 40.
10
What is the greatest common factor of 15 and 510?
15
What is the greatest common divisor of 59 and 1?
1
Calculate the highest common factor of 1716 and 22.
22
Calculate the greatest common divisor of 460 and 184.
92
What is the highest common factor of 161 and 81144?
161
What is the highest common divisor of 259 and 111?
37
Calculate the highest common divisor of 2257 and 183.
61
Calculate the highest common factor of 43 and 3139.
43
What is the highest common divisor of 938 and 70?
14
What is the highest common factor of 25 and 475?
25
Calculate the greatest common factor of 20 and 685.
5
What is the greatest common factor of 36 and 35868?
12
Calculate the greatest common factor of 5760 and 256.
128
What is the greatest common factor of 1544 and 32?
8
What is the greatest common factor of 324 and 495?
9
What is the greatest common factor of 5 and 545?
5
Calculate the greatest common factor of 437 and 76.
19
What is the greatest common divisor of 3 and 1803?
3
Calculate the highest common factor of 156 and 260.
52
Calculate the highest common factor of 54 and 1728.
54
Calculate the greatest common factor of 48 and 192.
48
Calculate the greatest common factor of 7553 and 273.
91
What is the greatest common factor of 609 and 126?
21
Calculate the highest common factor of 44 and 121.
11
Calculate the highest common factor of 2204 and 116.
116
Calculate the greatest common divisor of 306 and 150.
6
Calculate the greatest common divisor of 25 and 50.
25
Calculate the greatest common factor of 66 and 12.
6
What is the highest common factor of 11 and 4422?
11
Calculate the greatest common factor of 4318 and 1016.
254
What is the highest common factor of 3 and 270?
3
Calculate the highest common factor of 6072 and 368.
184
C